{"id":781,"date":"2024-02-06T21:04:04","date_gmt":"2024-02-06T20:04:04","guid":{"rendered":"http:\/\/wp.tennis-nordhessen.de\/?page_id=781"},"modified":"2024-03-17T11:24:30","modified_gmt":"2024-03-17T10:24:30","slug":"wir-ueber-uns","status":"publish","type":"page","link":"https:\/\/tennis-nordhessen.de\/index.php\/wir-ueber-uns\/","title":{"rendered":"Wir \u00fcber uns"},"content":{"rendered":"\n<figure class=\"wp-block-image size-full\"><img loading=\"lazy\" decoding=\"async\" width=\"600\" height=\"399\" src=\"https:\/\/tennis-nordhessen.de\/wp-content\/uploads\/2024\/02\/PraesidiumTBNH.jpg\" alt=\"\" class=\"wp-image-783\" srcset=\"https:\/\/tennis-nordhessen.de\/wp-content\/uploads\/2024\/02\/PraesidiumTBNH.jpg 600w, https:\/\/tennis-nordhessen.de\/wp-content\/uploads\/2024\/02\/PraesidiumTBNH-300x200.jpg 300w\" sizes=\"auto, (max-width: 600px) 100vw, 600px\" \/><\/figure>\n\n\n\n<p><br>Das am 20.4.2023 gew\u00e4hlte Pr\u00e4sidium des Tennisbezirkes Nordhesssen mit von links: Klaus-Dieter Stondzik, Rolf Schacht,  Wolfgang Sch\u00e4fer, Wolfgang Henrich und Wilfried M\u00fcller<\/p>\n\n\n\n<p><a href=\"https:\/\/tennis-nordhessen.de\/wp-content\/uploads\/2024\/02\/Satzung_TB_Nordhessen.pdf.crdownload\" target=\"_blank\" rel=\"noreferrer noopener\"><strong>Satzung des Tennisbezirk Nordhessen e.V. ansehen\u2026<\/strong><\/a><\/p>\n\n\n\n<h2 class=\"wp-block-heading\">Der Vorstand<\/h2>\n\n\n\n<p>Postanschrift: siehe Pr\u00e4sident<\/p>\n\n\n\n<figure class=\"wp-block-table is-style-stripes\"><table><tbody><tr><td><\/td><td><strong>Pr\u00e4sident<\/strong><\/td><\/tr><tr><td><img loading=\"lazy\" decoding=\"async\" width=\"105\" height=\"158\" class=\"wp-image-998\" style=\"width: 105px;\" src=\"https:\/\/tennis-nordhessen.de\/wp-content\/uploads\/2024\/02\/SchachtRolf.jpg\" alt=\"\"><\/td><td><strong>Rolf Schacht<\/strong><br>Glatzer Str. 18<br>34225 Baunatal<br><br><strong>Tel.:<\/strong>&nbsp;05601\/87267<br><strong>Mobil:<\/strong>&nbsp;0178 3830903<br><strong>eMail:<\/strong>&nbsp;<a href=\"mailto:rrschacht@freenet.de\" target=\"_blank\" rel=\"noreferrer noopener\">rrschacht@freenet.de<\/a><br><br><br><\/td><\/tr><tr><td><\/td><td><strong>Vizepr\u00e4sident und Leiter der Ressorts Jugend<\/strong><\/td><\/tr><tr><td><img loading=\"lazy\" decoding=\"async\" width=\"105\" height=\"140\" class=\"wp-image-1005\" style=\"width: 105px;\" src=\"https:\/\/tennis-nordhessen.de\/wp-content\/uploads\/2024\/02\/stondzik.jpg\" alt=\"\"><\/td><td><strong>Klaus-Dieter Stondzik<\/strong><br><br><strong>Tel.:<\/strong>&nbsp;0561 \/ 885554<br><strong>Mobil:<\/strong>&nbsp;0151 \/ 16115535&nbsp;<br><strong>eMail:<\/strong>&nbsp;<a href=\"mailto:mkfstondzik@web.de\">mkfstondzik@web.de<\/a><br><br><br><br><\/td><\/tr><tr><td><\/td><td><strong>Vizepr\u00e4sident und Leiter des Ressorts Finanzen<\/strong><\/td><\/tr><tr><td><img loading=\"lazy\" decoding=\"async\" width=\"150\" height=\"200\" class=\"wp-image-1918\" style=\"width: 150px;\" src=\"https:\/\/tennis-nordhessen.de\/wp-content\/uploads\/Ehrung-Schaefer-durch-Geselle-Kopie.jpg\" alt=\"\" srcset=\"https:\/\/tennis-nordhessen.de\/wp-content\/uploads\/Ehrung-Schaefer-durch-Geselle-Kopie.jpg 1110w, https:\/\/tennis-nordhessen.de\/wp-content\/uploads\/Ehrung-Schaefer-durch-Geselle-Kopie-225x300.jpg 225w, https:\/\/tennis-nordhessen.de\/wp-content\/uploads\/Ehrung-Schaefer-durch-Geselle-Kopie-768x1024.jpg 768w, https:\/\/tennis-nordhessen.de\/wp-content\/uploads\/Ehrung-Schaefer-durch-Geselle-Kopie-113x150.jpg 113w\" sizes=\"auto, (max-width: 150px) 100vw, 150px\" \/><\/td><td><strong>Dr. Wolfgang Sch\u00e4fer<\/strong><br>Am Heinzenberg 17<br>34266 Niestetal<br><br><strong>Tel.:<\/strong>&nbsp;0561 \/ 88 44 62<br><strong>Mobil:<\/strong>&nbsp;01573\/6316387&nbsp;<br><strong>eMail:<\/strong>&nbsp;<a href=\"mailto:wolfgang-gisela.schaefer@t-online.de\">wolfgang-gisela.schaefer@t-online.de<\/a><br><br><\/td><\/tr><tr><td><\/td><td><strong>Vizepr\u00e4sident und Leiter des Ressorts \u00d6ffentlichkeitsarbeit<\/strong><\/td><\/tr><tr><td><img loading=\"lazy\" decoding=\"async\" width=\"105\" height=\"140\" class=\"wp-image-1016\" style=\"width: 105px;\" src=\"https:\/\/tennis-nordhessen.de\/wp-content\/uploads\/2024\/02\/mueller-1.jpg\" alt=\"\"><\/td><td><strong>Wilfried M\u00fcller<\/strong><br>Niedensteiner Str. 23A<br>34270 Schauenburg<br><br><strong>Tel.:<\/strong>&nbsp;05601 \/ 2838<br><strong>Mobil:<\/strong>&nbsp;0179\/4851961<br><strong>eMail:<\/strong>&nbsp;<a href=\"mailto:TennisMueller@t-online.de\">TennisMueller@t-online.de<\/a><br><br><\/td><\/tr><tr><td><\/td><td><strong>Vizepr\u00e4sident und Leiter des Ressorts Breitensport, Schultennis, Ausbildung, Vereinsservice<\/strong><\/td><\/tr><tr><td><img loading=\"lazy\" decoding=\"async\" width=\"100\" height=\"130\" class=\"wp-image-1013\" style=\"width: 100px;\" src=\"https:\/\/tennis-nordhessen.de\/wp-content\/uploads\/2024\/02\/henrich-1.jpg\" alt=\"\"><\/td><td><strong>Wolfgang Henrich<\/strong><br>Stettiner Str. 11<br>34270 Schauenburg<br><br><strong>Tel.:<\/strong>&nbsp;05601 \/ 2667<br><strong>Mobil:<\/strong>&nbsp;0170\/5579105<br><strong>eMail:<\/strong>&nbsp;<a href=\"mailto:w.henrich@t-online.de\">w.henrich@t-online.de<\/a><br><br><\/td><\/tr><tr><td><\/td><td><strong>Vizepr\u00e4sident und Leiter des Ressorts Sport und Bezirksspielleiter<\/strong><\/td><\/tr><tr><td><img loading=\"lazy\" decoding=\"async\" width=\"110\" height=\"165\" class=\"wp-image-1012\" style=\"width: 110px;\" src=\"https:\/\/tennis-nordhessen.de\/wp-content\/uploads\/2024\/02\/HalbigFrank-1-rotated.jpg\" alt=\"\"><\/td><td><strong>Frank Halbig<\/strong><br>Max-Planck-Str.3<br>34225&nbsp;Baunatal<br><br><strong>Mobil:<\/strong>&nbsp;0173\/6047717<br><strong>eMail:<\/strong> <a href=\"mailto:frank-sgt@online.de\">frank-sgt@online.de<\/a><br><\/td><\/tr><\/tbody><\/table><\/figure>\n\n\n\n<h2 class=\"wp-block-heading\">Ehrenvorsitzender<\/h2>\n\n\n\n<figure class=\"wp-block-table is-style-stripes\"><table><tbody><tr><td><\/td><td><\/td><\/tr><tr><td><img loading=\"lazy\" decoding=\"async\" width=\"105\" height=\"149\" class=\"wp-image-1015\" style=\"width: 105px;\" src=\"https:\/\/tennis-nordhessen.de\/wp-content\/uploads\/2024\/02\/kehl.jpg\" alt=\"\"><\/td><td><strong><br>Volker Kehl<\/strong><br>Hersfelder Str. 11<br>34576 Homberg<br><br><strong>Tel.:<\/strong>&nbsp;05681 \/ 36 55<br><strong>eMail:<\/strong>&nbsp;<a href=\"mailto:helgakehl@de-mail.net\">helgakehl@de-mail.net<\/a><br><\/td><\/tr><\/tbody><\/table><\/figure>\n\n\n\n<h2 class=\"wp-block-heading\">Trainer<\/h2>\n\n\n\n<figure class=\"wp-block-table is-style-stripes\"><table><tbody><tr><td><\/td><td><\/td><\/tr><tr><td><img loading=\"lazy\" decoding=\"async\" width=\"110\" height=\"166\" class=\"wp-image-1017\" style=\"width: 110px;\" src=\"https:\/\/tennis-nordhessen.de\/wp-content\/uploads\/2024\/02\/rachow_thomas.jpg\" alt=\"\"><\/td><td><strong>Thomas Rachow<\/strong><br>Waldstr. 4a<br>34225 Baunatal<br><br><strong>Tel.:<\/strong>&nbsp;0561 \/ 498956<br><strong>Mobil:<\/strong>&nbsp;0173\/8245151<br><strong>eMail:&nbsp;<\/strong><a href=\"mailto:thomas.rachow@online.de\">thomas.rachow@online.de<\/a><br><br><\/td><\/tr><tr><td><\/td><td><\/td><\/tr><tr><td><img loading=\"lazy\" decoding=\"async\" width=\"150\" height=\"184\" class=\"wp-image-1014\" style=\"width: 150px;\" src=\"https:\/\/tennis-nordhessen.de\/wp-content\/uploads\/2024\/02\/hoffmann-manuel.jpg\" alt=\"\" srcset=\"https:\/\/tennis-nordhessen.de\/wp-content\/uploads\/2024\/02\/hoffmann-manuel.jpg 358w, https:\/\/tennis-nordhessen.de\/wp-content\/uploads\/2024\/02\/hoffmann-manuel-245x300.jpg 245w\" sizes=\"auto, (max-width: 150px) 100vw, 150px\" \/><\/td><td><strong>Manuel Hofmann&nbsp;<\/strong><br><br><strong>Mobil:&nbsp;<\/strong>0176-82454990<br><strong>eMail:&nbsp;<\/strong><a href=\"mailto:manuel-hoffmann@gmx.de\">manuel-hoffmann@gmx.de<\/a><br>&nbsp;<br><\/td><\/tr><\/tbody><\/table><\/figure>\n","protected":false},"excerpt":{"rendered":"<p>Das am 20.4.2023 gew\u00e4hlte Pr\u00e4sidium des Tennisbezirkes Nordhesssen mit von links: Klaus-Dieter Stondzik, Rolf Schacht, Wolfgang Sch\u00e4fer, Wolfgang Henrich und [&hellip;]<\/p>\n","protected":false},"author":1,"featured_media":1847,"parent":0,"menu_order":0,"comment_status":"closed","ping_status":"closed","template":"","meta":{"footnotes":""},"class_list":["post-781","page","type-page","status-publish","has-post-thumbnail","hentry"],"_links":{"self":[{"href":"https:\/\/tennis-nordhessen.de\/index.php\/wp-json\/wp\/v2\/pages\/781","targetHints":{"allow":["GET"]}}],"collection":[{"href":"https:\/\/tennis-nordhessen.de\/index.php\/wp-json\/wp\/v2\/pages"}],"about":[{"href":"https:\/\/tennis-nordhessen.de\/index.php\/wp-json\/wp\/v2\/types\/page"}],"author":[{"embeddable":true,"href":"https:\/\/tennis-nordhessen.de\/index.php\/wp-json\/wp\/v2\/users\/1"}],"replies":[{"embeddable":true,"href":"https:\/\/tennis-nordhessen.de\/index.php\/wp-json\/wp\/v2\/comments?post=781"}],"version-history":[{"count":3,"href":"https:\/\/tennis-nordhessen.de\/index.php\/wp-json\/wp\/v2\/pages\/781\/revisions"}],"predecessor-version":[{"id":1994,"href":"https:\/\/tennis-nordhessen.de\/index.php\/wp-json\/wp\/v2\/pages\/781\/revisions\/1994"}],"wp:featuredmedia":[{"embeddable":true,"href":"https:\/\/tennis-nordhessen.de\/index.php\/wp-json\/wp\/v2\/media\/1847"}],"wp:attachment":[{"href":"https:\/\/tennis-nordhessen.de\/index.php\/wp-json\/wp\/v2\/media?parent=781"}],"curies":[{"name":"wp","href":"https:\/\/api.w.org\/{rel}","templated":true}]}}